h).
0
Let g(j) be the first derivative of -j**3 - 25*j**2/2 + 12*j + 2630. Calculate g(-9).
-6
Let n(d) = 3 + 5*d - 4 - 2*d. Let f(c) = 7*c - 15. Let p be f(2). Let g(s) = -s**2 - s. Let r(j) = p*n(j) - g(j). What is r(3)?
4
Let q(r) = -13*r**3 - r**2 - 3*r - 2. Let t be 5 - 0 - -1 - (-42)/(-6). Give q(t).
13
Let a(d) = -2 + 5 - 35095*d + 5 - 5 + 35094*d. Suppose 0 = 4*l - i - 13, -5 = -0*l - 2*l - i. Suppose w + w = -n - 8, -l*n - 3*w = 12. Determine a(n).
3
Let q = 290 - 244. Suppose 0 = -3*j + 2*o - 16 - 15, -2*o - q = 4*j. Let y(w) = w**2 + 13*w + 5. Determine y(j).
-17
Let i(n) = -27634*n - 145. Let b be i(-4). Let d(j) = b - 110391 + 6*j. Determine d(-4).
-24
Suppose -4647*b + 957 = -4618*b. Let t(q) = 7*q - 225. Calculate t(b).
6
Let w be ((-9)/15)/(1/(-10)). Let h(u) = 1 + w + 16*u - 7*u - 8*u. What is h(-10)?
-3
Let t(s) = 32*s**3 + 4*s**2 + 5*s + 5. Let l be t(-2). Let w be (-1)/((-495)/l + -2). Let z = 46 + w. Let j(m) = -3*m - 4. Calculate j(z).
5
Let n(y) = 33*y - 151*y + 51*y + 6 + 32*y + 33*y. Suppose -j + 3 + 3 = 0. Give n(j).
-6
Let m(z) = -23*z**2 + 32*z + 33. Let n(c) = -10*c**2 + 16*c + 17. Let l be 105/(-14)*((-8)/(-20))/(-1). Let t(v) = l*m(v) - 7*n(v). Calculate t(17).
-3
Suppose -84 - 180 = 88*b. Let z(j) = -j**3 - 2*j**2 + 2*j. Let k(v) = v. Let q = 14 - 16. Let a(i) = q*k(i) + z(i). Give a(b).
9
Let s(f) be the second derivative of f**4/12 + f**3/6 - 3*f**2/2 - f. Suppose 0 = -2*b - 11*b + 52. Let i be b*3/48*0. What is s(i)?
-3
Let x = 150 - 149. Suppose 4*v = -5*n + 43, 0 = n + 6*v - 10*v + x. Let u(a) = a - 2. What is u(n)?
5
Let j(k) = 5*k**3 - 17*k**2 - 18. Let q(f) = 21*f**3 - 68*f**2 - 5*f - 71. Let x(s) = 9*j(s) - 2*q(s). What is x(5)?
-20
Let j(l) be the third derivative of -l**5/60 - 50*l**3/3 + 25*l**2. Let u(d) be the first derivative of j(d). Determine u(-9).
18
Let z(r) be the first derivative of 2*r**3 + 83*r**2/2 - 11*r - 7314. Give z(-14).
3
Let v(r) be the first derivative of -r**7/840 + r**6/72 + r**5/60 - r**4/6 + 2*r**3/3 - 5*r**2 + 80. Let h(m) be the third derivative of v(m). Determine h(5).
6
Let d(a) = 7*a**2 + 118*a - 4. Let v(f) = 6*f**2 + 116*f - 3. Let u(p) = 2*d(p) - 3*v(p). Calculate u(-28).
1
Let v(u) = 2*u - 1. Suppose -2*l = -7 + 3. Suppose 0 = -5*j - 4*w - 42, -5*j - 3*w - 45 = l*w. Determine v(j).
-13
Let q(r) = -r - 3. Let x = 129 - -38. Let h = 157 - x. Give q(h).
7
Let i(k) = 13 + 17*k**2 + 4 + k**3 - 20*k + 0 + 6 + 0. Determine i(-18).
59
Let m = 28 + -29. Let k(p) = -3*p + 24. Let w be k(8). Let y(o) = -1 + w*o + 0 + 2*o + 2 - o**2. Determine y(m).
-2
Suppose 4 - 36 = -4*o. Let z(c) = c**3 - 7*c**2 - 11*c + 20. Let a be z(o). Let r be (39/(-6) - a)*18/(-15). Let i(k) = -2*k + 1. What is i(r)?
-5
Let d(q) be the first derivative of q**6/120 - q**4/24 + q**3/2 - 2*q**2 + 8*q + 97. Let a(x) be the second derivative of d(x). Give a(0).
3
Let x(v) = -2*v**2 - 5*v - 8. Let w(o) = 4*o**2 + 9*o + 14. Let y(a) = -4*w(a) - 7*x(a). Let p be (-1 - 4) + 48/8. Give y(p).
-3
Let w(k) be the first derivative of k**3/3 - 5*k**2 + 4*k - 199. Let c(n) = n**2 - 4*n + 4. Let h be c(4). Suppose h*r - 37 = 3. Give w(r).
4
Let u = 5 + -1. Suppose 4*h + k - 4 = 0, 0 = 5*h - k - 13 - 1. Let p(t) = -7 - 12 - 5*t**h + t**3 + t - 3*t + 5*t + 14. What is p(u)?
-9
Let r(a) = 3*a**3 + 8*a**2 - 9*a - 7. Let n(l) = 200*l**3 + 1 + l**2 - 199*l**3 + 0*l**2. Let b(i) = 2*n(i) - r(i). Determine b(-7).
-5
Let u(z) = -2*z + 7. Let c(a) = -2*a + 7. Let l(s) = 6*c(s) - 5*u(s). Suppose -4*o + 21 - 54 = -m, -41 = 5*o - m. What is l(o)?
23
Let a = 1092 - 1104. Let v be (a/16)/(6/(192/4)). Let r(m) be the second derivative of m**3/2 + 5*m**2/2 + m. Give r(v).
-13
Let b(w) = 16*w + 9. Let d be (-1 + (-11)/(-2))*13/((-78)/4). What is b(d)?
-39
Let f = -23 + 26. Let w be (4/f)/((-6)/(-9)). Let h(d) = 6457*d**2 - 3*d**3 + 2*d**3 - 6456*d**2 + 1. Calculate h(w).
-3
Let n(f) = 17*f**3 - 27*f**2 - 3*f - 7. Let a(o) = -9*o**3 + 14*o**2 + 2*o + 4. Let t(h) = -13*a(h) - 7*n(h). What is t(4)?
-39
Let c(w) = w**3 - 17*w**2 + 19*w - 69. Suppose 39*u - 40*u + 5*x = -46, 4*x + 88 = 4*u. Calculate c(u).
-21
Let s = 2 - 3. Let z(d) be the second derivative of 3*d**5/20 + d**4/12 - d**3/6 - d**2/2 - 4452*d. Determine z(s).
-2
Let v(b) = 4 + b - 12 - 2*b - 4. Let j(u) = -u**3 + 3*u**2 + 10*u - 8. Let c be j(5). Give v(c).
-4
Let a(f) = -f - 2. Let v be a(-3). Suppose -5*j = 0, -2*z + 5*j = -0*z - 4. Let l(c) = c**2 - 1 - 30*c**3 + 0*c**z + c + 31*c**3. Calculate l(v).
2
Let q(n) = -3*n. Suppose 4*l - 5*l - 10*l = 0. Suppose l*z = -z - 2. Give q(z).
6
Let z(f) = -f**2 - 5*f + 11. Suppose -21 = -2*c - d - 18, -4*c + 27 = -5*d. Determine z(c).
-13
Let z be -2*(-4)/(-4)*-151. Let w = z + -303. Let l(p) = 11*p. Determine l(w).
-11
Let n(z) be the second derivative of z**3/6 - 11*z**2/2 - 2*z. Let k = -77458 + 77467. Give n(k).
-2
Suppose 8*t - 4*t - h + 582 = 0, 2*t - 4*h + 284 = 0. Let o = -137 - t. Let w(n) = -n**3 + 8*n**2 + 9*n + 13. Calculate w(o).
13
Let q(m) = 17*m**2 - 1. Let p(u) = -9*u - 116. Suppose -12*g + 11 = 167. Let w be p(g). Calculate q(w).
16
Suppose 19*o - 12 = 13*o. Let h(k) = 20025*k - o + k**2 - 1 - 20019*k. Determine h(-7).
4
Let i(n) = 7*n + 3. Let f be 7461/63 - (-12)/(-28). Suppose 5*b - 103 = -f. What is i(b)?
-18
Let r(i) = 175*i + 2100. Let f be r(-12). Let n(x) be the second derivative of 1/12*x**4 - 1/2*x**2 - 2/5*x**5 + 0*x**3 - 36*x + f. Calculate n(-1).
8
Let o(w) = -12*w - 183. Let c(r) = -11*r - 169. Let z(f) = -7*c(f) + 6*o(f). Give z(-17).
0
Let x(i) = i**3 - 4*i + 102*i**2 + 7*i - 2 + 8 + 3*i - 108*i**2. What is x(3)?
-3
Let q(l) = l**3 - 5*l**2 + 2. Let t be q(5). Suppose -25*s = -8*s + 28*s - 135. Let n(u) = 2 - t*u + u - 6*u**s - 7 + 6. Calculate n(1).
-6
Let t(b) = b**2 - b + 1. Let n be t(2). Let p = -236 - -238. Let o(y) = 4*y**p - 8*y - 5 + 6*y - y + 1 - y**3. Determine o(n).
-4
Let c be (-48)/(-22) + 14/(-77). Let b(k) = 4*k**c + 4*k**3 - k**2 - k**2 - 50 + 49. Calculate b(-1).
-3
Let t(x) = 237*x + 2848. Let j be t(-12). Let v(u) = -u**2 + 8*u - 9. What is v(j)?
7
Let x(t) = -2*t + 3. Let v(o) = 71*o + 10. Let b be v(2). Suppose b*m = 154*m - 8. Give x(m).
-5
Let t(r) = 2*r**2 - 5*r + 1. Let i(h) = h**3 - 12*h**2 + 41*h - 118. Let x be i(9). What is t(x)?
89
Let j(x) = -4*x + 142 + 11*x + 132 - 441 + 135. Calculate j(6).
10
Let t(b) = b**3 + 7*b**2 - 19*b - 7. Let s be t(-9). Let x(c) = 0*c**2 + c**2 + 4*c - 2*c - 14 + s*c. Determine x(-5).
-9
Let y(n) = 13*n + 47617 - 95376 + 47662. Determine y(8).
7
Let q = 39 + -34. Let b(x) = -6 - 49*x - 53*x + 109*x - x**2. Calculate b(q).
4
Let z(t) = -15*t**2 + 21*t - 109. Let d(m) = -m**2 - 9. Let n(o) = 12*d(o) - z(o). Give n(7).
1
Let y(m) be the second derivative of m**4/4 + 19*m**3/6 + m**2/2 - 5062*m. What is y(-6)?
-5
Let v(u) = 11*u - 22. Let o be v(2). Suppose o = -3*m + 7*m - 28. Let n(z) be the third derivative of -z**5/60 + 3*z**4/8 - z**3/6 + 11*z**2. Determine n(m).
13
Let w(r) = -3. Let c = 12 - 5. Suppose -c*t + t = 18. Let a(f) = -f + 5. Let d(p) = t*a(p) - 5*w(p). Give d(-1).
-3
Suppose -107*f - 21 = -110*f + 3*x, -4*f + 14 = 3*x. Let m(w) = -10*w + 58. Determine m(f).
8
Suppose -2*u - 3*j = 6, -4*u + 3*j = -3 - 21. Let n be -3*(-2)/u + (-16 - 3). Let m = n + 12. Let y(g) = g**3 + 4*g**2 - 8*g - 5. What is y(m)?
10
Let w(z) = z**3 - 19*z**2 + 2*z - 35. Let m be w(19). Let t(v) = -2*v**3 + 4*v**3 - 3*v**m - 830*v + 829*v. What is t(-1)?
2
Let t(w) = -173*w - 9 + 23 - 173*w + 519*w - 179*w. Determine t(2).
2
Let w(j) be the second derivative of 3/2*j**3 + 0 - 1/12*j**4 - 109*j + 2*j**2. Determine w(10).
-6
Let x(k) = -3*k**3 - k**2 + 2*k - 1. Let j(h) = 26*h**3 - 27*h**2 + 19*h + 8. Let n(s) = j(s) + 9*x(s). Calculate n(-37).
-1
Let u(z) be the third derivative of 11*z**7/840 - z**6/360 + z**3/6 - z**2. Let m(b) be the first derivative of u(b). Let t = -80 - -81. What is m(t)?
10
Let l(t) be the first derivative of -71 - 9*t + 1/2*t**2. Give l(0).
-9
Let x(n) = -n**2 + 2*n + 8. Let u be 3 - (4/18 + 9673/(-153)). Let i = -61 + u. What is x(i)?
-7
Let u(c) = -c**3 - 4*c**2 + 2*c - 7. Let r(v) = -5*v - 5. Let d be r(14). Let z = d + 87. Suppose -3*s - z = p, 2*p + p + 1 = -2*s. Give u(s).
8
Let f be (-10 - (10 + (-139)/7)) + (-54)/14. Let o